What are the prime factors of l?
2, 3, 5
Let l(v) = -632*v + 102. Let q be l(-7). Suppose 15*g = q + 19954. What are the prime factors of g?
2, 3, 17
Let o(i) = 27*i**2 + 16*i + 101. List the prime factors of o(-5).
2, 3, 29
Let l(h) = h**2 + h + 8. Let b = -5 - -7. Suppose 0 = b*s - s - 1, 2*s = -k - 1. List the prime factors of l(k).
2, 7
Let y(j) = 3 + 4*j**3 + 6*j**3 + 9*j**3 + 3*j + j**3 - 2*j**2. Let p be y(2). Let c = -78 + p. What are the prime factors of c?
83
Suppose -485 + 5637 = 13*i - 1257. List the prime factors of i.
17, 29
Let u(k) = 542*k - 1941. What are the prime factors of u(30)?
3, 37, 43
Let r be 0 + 72/(-33) - (-2)/11. List the prime factors of 232/(-29)*128/r.
2
Let l(d) = 1132*d - 2*d**2 - 1141*d - 21 + 36*d**2. What are the prime factors of l(-4)?
13, 43
Let n = 50 - 106. Let r be 5 - (6 + -6) - -8. Let d = r - n. List the prime factors of d.
3, 23
Suppose -2*z = -4*x + 62, -44*x + 49*x = -20. Let o(j) = 3*j**2 + 3*j + 5. Let p be o(5). Let k = p + z. What are the prime factors of k?
2, 7
Let h(k) be the first derivative of 41*k**2/2 + 85*k + 80. List the prime factors of h(13).
2, 3, 103
Let l(a) = -5*a**2 - 13*a + 6. Let o(j) = -26*j**2 - 66*j + 31. Let x(k) = -11*l(k) + 2*o(k). What are the prime factors of x(17)?
2, 3, 5, 7
Let m(r) = 248*r. Let h be m(3). Suppose x + 2*z - h = 104, z = x - 854. Suppose -131 = 7*d - x. List the prime factors of d.
103
Let l = 3635 - -6720. List the prime factors of l.
5, 19, 109
Suppose -255*m + 16252 = -253*m + 2*w, 3*w + 16277 = 2*m. What are the prime factors of m?
47, 173
Let r(o) = 4*o**2 - 69*o - 4271. List the prime factors of r(-69).
2, 9767
Let i = -39451 - -68730. List the prime factors of i.
19, 23, 67
Suppose 2*v = k + 1, -v + 3*k = 14 - 7. Let b(r) = -r**v + 15 + 1 + 7*r**2 - 10*r - r**2. What are the prime factors of b(6)?
2, 17
Let u(y) = 51*y**2 - 94*y + 10. Let j be ((-207)/18 + 4)*(-12)/15. List the prime factors of u(j).
2, 641
Suppose 348 + 20 = 4*u. Let g = -90 + u. Suppose g*a - a = -4*f + 192, -96 = -2*f + 2*a. What are the prime factors of f?
2, 3
Let u be ((-9)/9)/(2/26). Let o = u - -27. Suppose o*h - 16*h = -172. List the prime factors of h.
2, 43
Let f = 28 - 35. Let g(a) = -2*a**3 - 8*a**2 - 21*a - 30. List the prime factors of g(f).
3, 137
Let k be -1*0*2/4. Suppose b + b - 214 = k. Suppose 0 = -5*v - 2*d + 541, v - 3*d - b + 9 = 0. List the prime factors of v.
107
Let k(r) = -2*r - 5*r - 6 + 0 + 14 + 996*r**2. List the prime factors of k(1).
997
Let q = -41 + 41. Suppose -2*i + q*p + 3*p - 177 = 0, 4*p = 4*i + 348. Let s = -75 - i. What are the prime factors of s?
3
Let o = 6599 - 1944. List the prime factors of 6/4 - o/(-10).
467
Let h = -239 + 269. List the prime factors of 236/9 - h/135.
2, 13
Let q(k) = -66*k - 24. Let n be (-1)/(-8*5/(-520)). List the prime factors of q(n).
2, 3, 139
Let h = -57 + 75. Suppose 0 = 4*d - h*d + 28. Suppose 0 = -3*z - 2*j + 475, -3 = 5*j + d. List the prime factors of z.
3, 53
Suppose 5*s + 114 = 2*s. Let d = 62 - 154. Let z = s - d. List the prime factors of z.
2, 3
Let k(f) be the second derivative of f**5/60 + f**4/8 - 5*f**3/6 - 11*f**2 - 16*f. Let w(n) be the first derivative of k(n). List the prime factors of w(8).
83
Let l(h) = h**3 + 69*h**2 + 144*h - 182. What are the prime factors of l(-66)?
2, 19, 89
Suppose -9*g + 14*g = 4*h - 35380, -3*h + 26500 = 5*g. What are the prime factors of h?
2, 5, 13, 17
Suppose -34522 = -26*i - 9607 + 50563. What are the prime factors of i?
2903
Suppose -98 - 289 = 3*p. Let n = 513 + p. List the prime factors of n.
2, 3
Suppose -121 = 8*f - 905. Let x = 230 - f. What are the prime factors of x?
2, 3, 11
Suppose 4*q + 0*l + l = 11, 2*l - 12 = -3*q. Suppose 3*i + q*m - 4 = -0, 2*m + 8 = 0. Suppose -i*n = -3*n - 19. What are the prime factors of n?
19
Suppose -277*a = -281*a + 176404. What are the prime factors of a?
44101
Let p = 19006 - -7312. List the prime factors of p.
2, 13159
Let z = 134 - 341. Let y = 763 - z. Suppose -4*j - y = -4*f - 162, 0 = 5*f + 5*j - 1020. List the prime factors of f.
7, 29
Let b = 14294 + -9904. What are the prime factors of b?
2, 5, 439
Let l = 84654 - 58251. What are the prime factors of l?
3, 13, 677
Suppose 11*h = -11*h + 4*h. List the prime factors of 6/(-6) - -4 - h.
3
Let k(u) = 114*u**2 + 29*u + 166. What are the prime factors of k(-12)?
2, 8117
Let l(z) be the second derivative of z**4/4 - 10*z**3/3 + 35*z**2/2 + 2*z - 2. What are the prime factors of l(7)?
2, 3, 7
Suppose -5*s + 2*a + 111 = -0*a, -5*s = 5*a - 125. Suppose 55*j - 724 - 651 = 0. Let r = s + j. List the prime factors of r.
2, 3
Suppose 106583 = 25*i - 328620 - 12322. What are the prime factors of i?
3, 13, 17
Let s(q) = 2*q - 4. Let i be s(-3). Let n(g) be the first derivative of -5*g**2 - 23*g - 54. What are the prime factors of n(i)?
7, 11
List the prime factors of 194*((-12)/4)/((-36)/1284).
2, 97, 107
Let m(i) = -i**3 - 8*i**2 - 5*i + 18. Let q be m(-11). Suppose 0 = -4*v + q + 904. What are the prime factors of v?
5, 67
Suppose -2*x + 5*x + 5*k = 8630, -2871 = -x + 4*k. Suppose x = -34*g + 39*g. List the prime factors of g.
5, 23
Let x be -4*13*(-3161)/116. Let s = -862 + x. What are the prime factors of s?
3, 5, 37
Let j(a) = 14*a**2 + 9*a + 20. Let o(z) = -z**2 - 2*z + 2. Let u(x) = j(x) + 2*o(x). List the prime factors of u(-6).
2, 3, 71
Let x = -2754 + 2796. List the prime factors of x.
2, 3, 7
Let h(n) = 71 - 97 + 18*n**2 - n**3 + 3*n + 5*n. Suppose 0 = 5*i + s - 95, -6*i + i + s = -85. List the prime factors of h(i).
2, 59
Let c = 122 + -122. Let p be -20 + 24 + 2 + c. Suppose p*f = 142 + 428. List the prime factors of f.
5, 19
Let f(q) = q**3 + 139*q**2 + 759*q - 343. List the prime factors of f(-131).
2, 83, 113
Suppose -1503 - 4361 = -142*c + 38156. Let x be 1/(-3) + 13/3. Suppose -2*h = -2*j - c, -3*h + 477 = -x*j + 5*j. What are the prime factors of h?
2, 79
Suppose 3*n - 51 + 27 = 0. Suppose 370 = 6*m - n. What are the prime factors of m?
3, 7
Let h be 3 - (9 + -16 + 5). Let q be (-9484)/(-28) - 4/(-14). Suppose -h*w + 3*a + q = 2*a, 5*w - 3*a = 337. What are the prime factors of w?
2, 17
Let h = -51 - -51. Let z be 7 - ((-4)/(-8) + (-7)/2). Suppose -z*i + 607 - 57 = h. List the prime factors of i.
5, 11
List the prime factors of (5/20)/(1462458/(-121872) - -12).
2, 2539
List the prime factors of 1248/(-195)*370*4/(-8).
2, 37
Suppose -4*a + 4*z - 752 = 0, -2*a + 5*z + 752 = -6*a. What are the prime factors of 2*(-2 + a/(-8))?
43
Suppose 3*u - 7 = -t, -3*t + 5*u + 5 = -8*t. List the prime factors of (3 + (t - -1))/((-1)/263).
263
Let u = -7367 - -12743. List the prime factors of u.
2, 3, 7
Let j = -917 - -2127. Suppose 2*g - f - 3514 = 0, -g = -f - j - 545. What are the prime factors of g?
1759
Let f(x) = 958*x**2 + 300*x + 9. List the prime factors of f(4).
23, 719
Suppose s = m - 25, -3*m = s - 3*s - 70. Suppose -m*l = -5922 - 138. What are the prime factors of l?
3, 101
Suppose 4*u + 1450 = 4*c + 2*u, -c + 358 = -2*u. Let x = c + -149. Suppose -r = -5*q + x, 4*q - 17 = 3*r + 155. What are the prime factors of q?
43
Let m(u) = 38*u**3 - 2*u + 2. Let o be m(1). Let d(j) = j**2 + 0*j**2 + 50*j**3 - 49*j**3 + o. List the prime factors of d(0).
2, 19
Suppose 0 = -6*i - 4*g + 251188, -3*i - 42369 = -5*g - 167998. List the prime factors of i.
2, 3, 1163
Let v(q) be the first derivative of q**4/4 + 14*q**3/3 - 3*q**2 - 31*q + 156. What are the prime factors of v(-11)?
2, 199
Let i(s) = -2242*s - 5475. List the prime factors of i(-11).
7, 2741
Suppose s + 5*q - 21 = 3, -2*q = 10. Let t be ((-1)/2)/(5 - s/10). List the prime factors of 41 + (15/t - -2).
2, 5
Let u(f) = -f**2 + 40*f + 225. Let x(p) = p**2 - 20*p + 100. Let y be x(10). List the prime factors of u(y).
3, 5
Let j(n) = -4 - 2*n + 1 + 2 + n. Let x be j(-4). Suppose -r - 323 = -4*h, 7*h - x*h - 319 = 5*r. What are the prime factors of h?
3
Let d be ((-8 - -3) + 1)*45/(-20). Suppose 7025 + 4225 = d*c. What are the prime factors of c?
2, 5
Let l(x) = -11950*x + 2588. What are the prime factors of l(-3)?
2, 19219
Suppose -4*k = 9 + 11. Let f(g) = g**3 + 39*g + 6*g**2 - 17 + 18*g - 56*g. What are the prime factors of f(k)?
3
Suppose 0*a - 9 = -a. Suppose -41 = -a*f + 4. Suppose 0 = 2*w + f*x - 137, 3*w -